is d(p)?
-8
Let u(i) = -i. Let b be ((-145)/(-15) + -7)/(6/9). Let f(z) = -4*z + 0 - 12 + 6*z. Let j be f(b). Determine u(j).
4
Suppose 53 - 23 = 3*n. Let o(s) = 16*s + n*s - 26*s + 9 - s**2. Determine o(0).
9
Suppose 3*h + 2*h = -15. Let r(s) be the third derivative of 0 + 0*s - 27*s**2 - 1/2*s**3 - 1/6*s**4 - 1/60*s**5. Give r(h).
0
Let h = -411 + 421. Suppose -16 = -f - 3*q - h, 4*f + 2*q = 14. Let p(i) = -8*i - 1. What is p(f)?
-25
Let x(v) be the first derivative of v**2/2 + 2*v + 35. Let g be x(-1). Let p(s) = -32*s**3 - s + 1. Calculate p(g).
-32
Suppose 2*m + 18 = f, 5*f - 11 = 3*m + 44. Suppose 2*g + 3*w = 27, -f*w + 57 = 5*g - 4*w. Let u(v) = -v + 4. What is u(g)?
-5
Let y(f) = f**2 + 4*f + 4. Let l be y(-2). Suppose -2*w + 5*v + 25 = l, 5*w - v - 37 = -9. Let q(u) = -u - 1. Give q(w).
-6
Let y(o) be the second derivative of -3*o**3/2 - 71*o**2/2 + 602*o. Give y(-7).
-8
Let c(i) = -i**3. Let v(g) = g**3 + 7*g**2 + 9*g + 24. Let r be v(-6). Let q be (-3 - -1)*r/(-12) - 2. Give c(q).
1
Let y(j) = j**2 + 10*j - 54. Suppose 0 = 9*o - 18*o + 17*o - 32. What is y(o)?
2
Suppose -11*u + 25*u = 3*u + 22. Let w(b) be the first derivative of 5 - 9*b - 1/2*b**u. Calculate w(0).
-9
Suppose -59*f + 54*f = -335. Suppose f = -17*j - 86. Let c(l) = -l**2 - 11*l + 1. What is c(j)?
19
Let j(v) = 3*v**2 + 113*v - 1259. Let c be j(9). Let z(a) = -41*a**3 + a**2 - 3*a. Give z(c).
-43
Let m(w) = w + 5. Suppose 16*b = 6 + 90. Suppose b*p = 20 + 16. Give m(p).
11
Let j(z) = -z**2 + 8*z + 27. Let b(u) = -21*u + 1059. Let o be b(50). What is j(o)?
18
Let h be -2*(2 - 1)/2. Let o(p) be the second derivative of 1/6*p**3 + 1/12*p**4 + 1/10*p**5 + 37*p + 2 + 1/2*p**2. Give o(h).
-1
Let k(h) = -2*h**2 - 246*h - 1413. Let i be k(-117). Let w(t) = -3*t - 51. Calculate w(i).
-24
Let s(m) = 23*m + 3314. Let l be s(-144). Let o(r) = -4*r**3 - r**2 - 11*r + 6. Let g(w) = 2*w**3 + 5*w - 3. Let v(z) = -7*g(z) - 3*o(z). Give v(l).
-5
Let m(x) = -23*x**2 - x**3 - x**2 + 24*x + 23 + 7*x**2 - 4*x**2. Calculate m(-22).
-21
Let r(d) = -d**3 - 45*d**2 - 20*d - 2. Let c(z) = 6*z**2 + z. Let m(f) = 6*c(f) + r(f). Calculate m(-6).
-26
Let i(z) = -20*z**3 - 48*z**2 + 17*z - 28. Let g(h) = 7*h**3 + 17*h**2 - 6*h + 10. Let m(c) = 17*g(c) + 6*i(c). What is m(2)?
-2
Let a(k) = k**2 + k - 23. Let x be a(4). Suppose -3*m - m - 10 = -5*g, 0 = m. Let v(y) = 2*y**g + 2*y + 21 - y**2 - 17. Determine v(x).
7
Let r(q) be the third derivative of -1/60*q**5 + 0*q - 1/6*q**4 - q**2 + 1 + 1/6*q**3. Give r(-3).
4
Let w(j) be the second derivative of j**8/6720 + j**7/630 + j**5/24 + 7*j**4/4 - j**3/3 + 10*j. Let z(q) be the third derivative of w(q). Calculate z(-4).
5
Suppose 0 = -2*s - p + 11, -6*p = -5*s + 8*s - 3. Let h(x) = 21*x - 95. Determine h(s).
52
Let h(l) = -l**3 - 12*l**2 - 11*l + 4. Let p be h(-11). Suppose -p*o - 17 = -4*n + 3, 5*o = 20. Let f be 6/n + (-44)/12. Let m(v) = -4*v - 4. What is m(f)?
8
Let q(j) be the first derivative of 3*j**2/2 - 8*j + 5749. Give q(0).
-8
Let d(h) = 4*h**2 - 85*h - 378. Let j be d(25). Let y(u) be the first derivative of -5*u**2/2 - 5*u + 1. What is y(j)?
10
Suppose -8*k - 31 = -143. Suppose -16*t = -k*t + 4. Let m(r) = -r**2 + 2*r + 3. Let y(s) = s + 1. Let w(v) = t*y(v) + m(v). What is w(-4)?
-15
Let w(j) = 4*j - 11. Suppose -x = -4*d + 203, 161 + 124 = 5*d + 5*x. Suppose d*o - 160 = 32*o. Give w(o).
21
Let z = -245 + 247. Let b be 12 + -10 + z - (-1 + -4). Let l(o) = -o - 8. Give l(b).
-17
Let l(k) = 6*k**2 - k + 1. Let n be (-1 - 1)/(-2*(-4)/(-16)). Let s be ((n - 1) + -1)/(6/12). Suppose 2*a = -4, -c = -0*a + s*a + 7. Give l(c).
6
Let s(d) = -44341 + 88668 + 4*d + d**2 - 44345. Give s(8).
78
Let h(z) be the first derivative of -z**4/24 - 5*z**3/3 + 3*z**2/2 + 8*z - 42. Let q(p) be the second derivative of h(p). Give q(-8).
-2
Let b(r) be the third derivative of r**9/60480 - r**8/4032 - r**7/336 + r**5/60 - 103*r**3/6 - 107*r**2. Let z(t) be the third derivative of b(t). Give z(7).
-7
Let y(q) = q**3 - 9*q**2 + 9*q - 8. Let u be y(8). Suppose u = -39*i + 33*i. Let a(j) = -j + 8. Calculate a(i).
8
Suppose 12*x = -3*y + 13*x + 9, -2*y + 22 = 2*x. Let c(h) be the third derivative of 0 - 2*h**2 + 0*h + 1/24*h**4 - 1/6*h**3. Give c(y).
4
Let h(g) = g**2 - g - 3. Let d(v) = -5*v - 17. Let b be d(-7). Suppose w + 2 = b. Let j be 0*(-4 + 68/w). Give h(j).
-3
Let j(s) be the third derivative of s**7/1260 - s**6/720 - s**5/120 + 55*s**4/12 + s**2 + 63*s. Let p(z) be the second derivative of j(z). Calculate p(1).
0
Let i(j) = -471*j + 2808. Let f(b) = 87*b - 561. Let v(a) = 11*f(a) + 2*i(a). Give v(37).
0
Let a(u) = 15*u**3 - 3*u**2 + 14*u - 2. Let j(q) = -45*q**3 + 10*q**2 - 51*q + 5. Let v(g) = -7*a(g) - 2*j(g). Give v(-1).
16
Let f(b) = b**3 - 5*b**2 + 2*b + 5. Let n be f(4). Suppose 3 - 9 = -3*r. Let v(y) = r*y + 10 + 2 - 17 + 6. Determine v(n).
-5
Let j(u) = u**3 + 14*u - 25. Let n = 9531 - 9529. Give j(n).
11
Suppose 2*g + 154*f - 26 = 158*f, 4*f + 33 = -5*g. Let k(x) = -24*x - 1. Give k(g).
23
Suppose -a = h - 199, 0 = 4*h - 0*a - 5*a - 832. Suppose 16*p - 59 = -h. Let q(s) = s**2 + 9*s. What is q(p)?
0
Let c(f) = -8*f**2 + 43. Let a be c(-7). Let x = 349 + a. Let m(z) = -z**3 - z - 11. Let v(g) = g**3 + g + 10. Let d(t) = 2*m(t) + 3*v(t). Determine d(x).
8
Let q be (-17 - -11) + (-5 + 1 - -2). Let g(n) = 15*n + 137. Calculate g(q).
17
Let w = -26 + 6. Let p be 2/(-5) - (-72)/w. Let t(c) = 0*c**2 - 87 + 164 + 3*c + c**2 - 71. Calculate t(p).
10
Let f(n) = n**3 - 10*n**2 + 13*n - 7. Let d(m) = -2*m**3 - 33*m**2 - 74*m - 47. Let a be d(-14). Give f(a).
29
Let m(r) = -2*r + 19. Suppose 4*p - 10 = 22. Let x be m(p). Suppose -16 = -x*b + 7*b. Let l(y) = 2*y + 6. What is l(b)?
-2
Let a = 132 + -125. Let y(n) = -a*n - 16*n**2 - 3 + 31*n**2 - 1 - 16*n**2 + 1. Calculate y(-9).
-21
Let f be 6/(7 - 1) + 6 + -4. Let v(i) = -i - 5. What is v(f)?
-8
Let v(q) be the first derivative of q**3/3 - 33*q**2/2 + 75*q - 3941. What is v(31)?
13
Let u(c) = c + 15. Suppose -1 + 11 = 5*f - 5*s, -6 = -3*f + 5*s. Let o be 0*(f + 25/(-10)). Suppose 2*b = z - 3*b, -5*z + 4*b = o. Calculate u(z).
15
Let a(w) = 2*w**2 + 12*w + 4. Suppose n + 3*n + 19 = -g, -3*n - 3*g - 30 = 0. Determine a(n).
-14
Let d(l) = -l**3 + l**2 + 6*l + 2. Let p be 8/108 - (14 + -19 + (-654)/(-81)). Determine d(p).
20
Let y(v) = -v - v + 2 + 4. Let s be (-936)/(-198) + (-4)/(88/(-6)). Determine y(s).
-4
Let z(b) = b**3 + 6*b**2 + 2*b + 9. Suppose 85 = 5*r - h, 6*r - 2*h - 17 = 5*r. Suppose -3*y - r = 1. What is z(y)?
-3
Let u = 198 - 176. Suppose 18*a - 24 = u*a. Let t(z) = -z**2 - z + 8. Determine t(a).
-22
Let o(w) = w - 6. Suppose 67 = -4*q - 4*a + 175, 5*a + 9 = q. Suppose 59 = 7*n + q. What is o(n)?
-1
Let s(n) be the second derivative of n**5/60 - n**4/2 - 11*n**3/6 + 91*n**2/2 - 44*n. Let q(x) be the first derivative of s(x). Calculate q(8).
-43
Let y = -41 + 54. Suppose -10 + y = u. Let b(o) = 3*o**2 - 3*o + 3. Calculate b(u).
21
Let v(f) be the second derivative of f**4/4 + 17*f**3/6 - 3*f**2/2 + 2783*f. What is v(-8)?
53
Let n(k) = -2*k - 163. Let g(h) = -11*h - 975. Let v(m) = g(m) - 6*n(m). Let f(j) = -5*j. Let t be f(1). Determine v(t).
-2
Suppose 5*i = 4*r - 5, i - 4*i = 2*r - 19. Suppose 0 = -i*y + 9 - 3. Let w(g) be the third derivative of -g**6/120 + g**5/20 - g**3/3 - 41*g**2. What is w(y)?
2
Let p(r) be the third derivative of 1/6*r**4 - 14*r**2 + 0*r - 3/2*r**3 + 0. Determine p(6).
15
Let k(h) be the first derivative of -h**4/12 + h**3/2 + h**2/2 + 76*h - 27. Let g(a) be the first derivative of k(a). Calculate g(3).
1
Let s(n) be the second derivative of 7*n**5/20 + 23*n**4/12 + n**3/6 - 3*n**2/2 + 238*n - 11. Calculate s(-3).
12
Let y(n) be the first derivative of 2*n**3/3 + 3*n**2 - 7*n + 6. Suppose -6*u + 16 + 8 = 0. Suppose -u*i = 1 + 19. Give y(i).
13
Let r = -64 + 51. Let v(g) = 53*g - 4 + 0 - 13 + 14 + g**3 - 54*g + 13*g**2. Give v(r).
10
Suppose 39*w + 4 = 35*w + 2*b, 3*b = -2*w + 14. Let q(k) = 29*k - 32. Determine q(w).
-3
Let j(p) = p**3 + 17*p**2 + 13*p - 41. Let x be j(-16). Let m(d) = -10*d - 30 + d + x*d + 8*d. Calculate m(6).
6
Let g(v) = v**2 + 5*v + 4. Let w be 2/(-30) + 7601/165. Suppose 52*h = w*h - 24. Calculate g(h).
0
Let r = -165 + 168. Suppose 13 = -4*c - r. Let u